 Let y = o + 210. What are the prime factors of y?
5, 17
Let p be 5/(-10) + (-102)/4. Let y = p + 43. List the prime factors of y.
17
Let i(t) be the second derivative of -31*t**3/6 - t**2 - 20*t. Suppose 4*u - w + 9 = 0, -2*u - 8 = -0*u - 4*w. List the prime factors of i(u).
2, 3, 5
Suppose 8*k = 1234 + 10102. What are the prime factors of k?
13, 109
Let h be 3 - (-4)/(16/332). Suppose 5*m + 265 = 5*s, h + 139 = 5*s + 5*m. What are the prime factors of s?
7
Suppose -3*f + 0*f - g = 2, -4*g - 8 = 4*f. Suppose -x = -f*x. Suppose x*a = -a + 27. List the prime factors of a.
3
Let n(v) = v**3 - v**2 - v + 8. Let x be (0/(-1))/(2/1). Let b be n(x). Suppose 112 + b = 5*m. What are the prime factors of m?
2, 3
Let c(l) = -4*l**2 + 3*l + 15. Let p be c(-9). Let u = -147 - p. List the prime factors of u.
3, 7
Let x = 10 + -3. Let a(i) = -3*i + 5. Let j(s) = 7*s - 9. Let l(o) = 9*a(o) + 4*j(o). List the prime factors of l(x).
2
Let o = 79 - 77. Suppose -6*k - o*k + 16 = 0. What are the prime factors of k?
2
Suppose 6*i - 4 = 7*i. What are the prime factors of (-7)/14 - 42/i?
2, 5
Let i(c) = -5*c + 2*c - 7 + 0*c. Let x be i(-4). Suppose 4*g + 2*m - 158 = 0, -4*m - m - 205 = -x*g. What are the prime factors of g?
2, 5
Let t(d) be the first derivative of 5*d**2 - d - 12. List the prime factors of t(3).
29
Suppose 5*h - 22*l - 14887 = -20*l, -2*h - 5*l + 5949 = 0. What are the prime factors of h?
13, 229
Suppose 7*y = 2*y + 15. Let q be (-3 + 5)/1 + 2. Suppose 2*d + 10 = 3*d + 2*j, -q*d = -y*j - 7. List the prime factors of d.
2
Let x = 85 + -77. List the prime factors of (-51)/(((-84)/x)/7).
2, 17
Suppose 6 + 2 = -3*r + 4*d, 0 = 5*r + 4*d - 8. Suppose m - 2*m - 79 = -3*n, r = -5*n + 4*m + 127. What are the prime factors of n?
3
Suppose -22*f = -26*f + 8852. List the prime factors of f.
2213
Let u be -7 + (0 - 12/(-4)). Let m(v) = 2*v**3 + 2*v**2 - 2*v + 1. Let f be m(u). Let q = -50 - f. List the prime factors of q.
37
Suppose 6*j - 1036 - 1568 = 0. List the prime factors of j.
2, 7, 31
Suppose -5*n + 4*x = -n - 116, -2*n + 72 = 5*x. Suppose 5*a - 4*a = n. What are the prime factors of a?
31
Suppose 0 = -4*o - 13 + 5. Let f be o/(-6) - 48/(-18). Suppose -f*h - 2 = -53. List the prime factors of h.
17
Let w = 5840 - 4077. List the prime factors of w.
41, 43
Let q(s) = 4*s + 16. Let a be q(-4). Suppose 566 = 4*h + c - 562, a = 5*h + 2*c - 1410. What are the prime factors of h?
2, 3, 47
Suppose 0 = -7*o + 22 + 6. Suppose -o*s + 1155 = s. List the prime factors of s.
3, 7, 11
Let k be (-3)/(-2)*(-4)/(-3). Suppose 2*u + k*u = 8. List the prime factors of 7 - (3 - (u - 3)).
3
Let b be ((0/1)/(-3))/2. Suppose -p - 4*p + 10 = b. Suppose -p*r + 3*c + 51 = r, 5*r + 5*c - 35 = 0. List the prime factors of r.
2, 3
Let l(f) = -14 + 6*f**2 - 6*f**2 - 3*f + f**3 + 8*f**2. Let b = 21 - 29. List the prime factors of l(b).
2, 5
Let v(n) = 1 - 2*n + 2*n - 3*n + n. Let w be v(4). Let q = -3 - w. What are the prime factors of q?
2
Let l(j) be the second derivative of -j**6/90 + j**5/40 - j**4/4 + 3*j. Let a(z) be the third derivative of l(z). List the prime factors of a(-3).
3
Let g be (-8)/10*(-250)/20. Let u be (0/(-2))/((-20)/g). Let z(o) = o**2 + 19. List the prime factors of z(u).
19
Suppose -j = -2*j + k + 1033, 0 = 3*k. Suppose -13*y = -j + 162. What are the prime factors of y?
67
Suppose 3*i - l - 6 = -0*i, -i - 4*l = -15. Let w(r) = 33*r - 22. What are the prime factors of w(i)?
7, 11
Suppose 70 = -2*l - 2*w, -5*w = -l - 71 + 6. List the prime factors of 0 - (16/l)/(2/160).
2
Let y = -3278 - -4837. List the prime factors of y.
1559
Let j = -115 + 176. Suppose -487 = -4*p + j. What are the prime factors of p?
137
Let q = 607 + 21. What are the prime factors of q?
2, 157
What are the prime factors of (-39)/(117/(-6)) - (0 - 2235)?
2237
Suppose -5*h - 4*b + 41 = 0, b = -5*h - 0*b + 29. Suppose 4*s = 3*s + h. Suppose 4*f + s*u = 153 + 24, 5*u = -3*f + 134. List the prime factors of f.
43
Suppose 8*h - 4550 = -686. What are the prime factors of h?
3, 7, 23
Suppose 157 = -m + 164. What are the prime factors of m?
7
Let k be (3 - -1) + (130 - -3). Let b = k - 80. What are the prime factors of b?
3, 19
Let p be 2*7 - (5 + -1). Suppose 0*o = 5*o - 3*b - 45, -5*o = 4*b - p. What are the prime factors of o?
2, 3
Let z(h) = 6*h**2 + 14*h + 14 + 2 - 1 - 5*h**2. Let t = -9 + -4. List the prime factors of z(t).
2
Let n be ((-96)/(-30))/(2/10). Let w = n - 8. List the prime factors of w.
2
Let c be (-3)/(-12) + (-282)/(-24). Suppose 0 = -0*l + l - w - 179, 4*w = -c. List the prime factors of l.
2, 11
Let p be 5/(-3)*3*-1. Let x(v) = -6*v + 16. Let t be x(2). Suppose -p*n = -3*f + 7, -t*n + 0*n = 5*f - 24. List the prime factors of f.
2
Let x(n) = -2*n**3 + 6*n**2 - 2*n - 1. Let z(q) = q**3 - q**2 + q. Let c(s) = -x(s) - 3*z(s). Let a be c(-4). Let m = a + 6. List the prime factors of m.
3
Let n(m) be the first derivative of -m + 0*m**3 - 6 + 7/2*m**4 + m**2. List the prime factors of n(1).
3, 5
Let o be 43 - ((4 + -2)*1)/(-2). What are the prime factors of ((-1111)/o - 1/(-4))*-5?
5
Let s be ((-506)/44)/(1/(-114)). Suppose 2*j + s = 5*u + j, u - 279 = -4*j. List the prime factors of u.
263
Suppose 0 = -33*b + 67212 + 84093. List the prime factors of b.
5, 7, 131
Let z(b) = -b**2 + 5. Let y be z(-2). What are the prime factors of (-154 - y)*(-16)/20?
2, 31
Suppose -2*b + 5*c - 2*c + 1607 = 0, -5*b + 3*c + 4031 = 0. Suppose b = -0*p + 4*p. What are the prime factors of p?
2, 101
Suppose -14*r = r - 11850. What are the prime factors of r?
2, 5, 79
Suppose -24 = -2*q + 4*q. Let k = -16 - q. What are the prime factors of k/12 + 106/3?
5, 7
Suppose -3*r - 35 = -8*r. Let s = 12 - r. Let j(w) = 3*w + 2. List the prime factors of j(s).
17
Let o(i) = i**3 + 14*i**2 + 17*i + 29. Let z be o(-12). Let q = 15 + z. List the prime factors of q.
2
Let q = -285 - -393. What are the prime factors of q?
2, 3
Let h be (-1)/(-1) + -2 + 5. Let u = 498 - 312. Suppose -h*r + s + u = 0, -5*r + 78 + 162 = -5*s. What are the prime factors of r?
2, 23
Suppose -968 = -3*r + 4*t, -204 = -r + 3*t + 112. List the prime factors of r.
2, 41
Let z = 19 + 97. Suppose 0*n = 4*m + n - z, -10 = -m - 5*n. List the prime factors of m.
2, 3, 5
Let r = 38 - 36. Suppose -z = -r*z + 33. List the prime factors of z.
3, 11
Suppose 23757 = 31*u - 23363. List the prime factors of u.
2, 5, 19
Let f be -1 - (-5)/1 - -2. Let u = -5 + 15. Suppose m - 2*d = d + u, -3*m - 3*d = -f. What are the prime factors of m?
2
Let m be 504*3/(-2)*28/(-6). Suppose 0 = -12*t - 360 + m. List the prime factors of t.
2, 3, 11
List the prime factors of (1092/15*2)/((-66)/(-330)).
2, 7, 13
Let w(o) = o**3 - 18*o**2 - 16*o + 10. Let h = -48 + 67. List the prime factors of w(h).
67
Suppose 10 = -0*v - v. Suppose 3*x - 57 + 18 = 0. Let m = x + v. What are the prime factors of m?
3
Let o(c) = -c**2 + c - 1. Let s(l) = 3*l**3 + 9*l - 3. Let v(u) = 3*o(u) - s(u). What are the prime factors of v(-4)?
2, 3, 7
Let l(u) = u + 1. Let o(n) = -11*n - 2. Let q(h) = 2*l(h) - o(h). Let j be (2 - (-2 - -3)) + 3. List the prime factors of q(j).
2, 7
List the prime factors of -2*2/10 + 199696/40.
2, 3, 13
Suppose o + 4*w = -18, o - 4*o = -4*w - 26. What are the prime factors of 4/o + 86 - (4 + -7)?
7, 13
Let i(o) = -6*o**3 - 25*o + 11. List the prime factors of i(-7).
2, 3, 11, 17
Suppose 2 = -5*b + 3*y - 3, 5*y = 25. Suppose -2*s - b = -3*s. Suppose s*v - 63 = -v. What are the prime factors of v?
3, 7
Let z = -116 + 236. Let m = z - 68. List the prime factors of m.
2, 13
Suppose -4*c + 5 = 4*h - 9*h, 4*c = 2*h + 2. Let j = -1 - h. Suppose -5*g - 235 = -5*z, j = -2*g + 3 + 1. List the prime factors of z.
7
Let b = 310 - 236. List the prime factors of b.
2, 37
List the prime factors of (139 + -51)/(2/20).
2, 5, 11
Let f(c) = -14*c - 127. List the prime factors of f(-24).
11, 19
Let l(m) = -m + 4. Let s be l(5). List the prime factors of (30/(-135))/(s/9).
2
Suppose -28 = -38*h + 34*h. Let a(i) = 2*i**2 + 2*i. What are the prime factors of a(h)?
2, 7
Suppose 0*i - 3*i - g + 22 = 0, 4*i - 3*g - 51 = 0. Suppose h - 130 = -i. What are the prime factors of h?
11
Suppose 4*h + h - 10 = 0. Suppose -3*u - 67 = -5*b, h*b - 7*b - 2*u = -47. List the prime factors of b.
11
Suppose 